{"id":32,"date":"2026-02-12T12:03:28","date_gmt":"2026-02-12T11:03:28","guid":{"rendered":"https:\/\/spinnenbekaempfen.de\/?page_id=32"},"modified":"2026-02-12T12:03:28","modified_gmt":"2026-02-12T11:03:28","slug":"faqs-zu-spinnen","status":"publish","type":"page","link":"https:\/\/spinnenbekaempfen.de\/index.php\/faqs-zu-spinnen\/","title":{"rendered":"FAQs zu Spinnen"},"content":{"rendered":"\n\n\n<p class=\"has-global-padding is-layout-constrained wp-block-group-is-layout-constrained\">Spinnen sind eine weit verbreitete Tiergruppe, die vielen Menschen Unbehagen bereitet. Trotzdem spielen sie eine wichtige Rolle in unserem \u00d6kosystem. Hier finden Sie Antworten auf h\u00e4ufig gestellte Fragen zu Spinnen.<\/p>\n\n\n\n<h3 class=\"wp-block-heading\">H\u00e4ufige Fragen<\/h3>\n\n\n\n<details class=\"wp-block-details is-layout-flow wp-block-details-is-layout-flow\"><summary>Wie erkenne ich eine Spinnenphobie?<\/summary>\n\n<p>Eine Spinnenphobie, auch Arachnophobie genannt, zeichnet sich durch eine \u00fcberm\u00e4\u00dfige und irrationale Angst vor Spinnen aus. Betroffene reagieren oft mit Panik auf den Anblick von Spinnen und vermeiden Orte, an denen sie Spinnen vermuten.<\/p>\n\n<\/details>\n\n\n\n<details class=\"wp-block-details is-layout-flow wp-block-details-is-layout-flow\"><summary>Was kann ich tun, wenn ich eine Spinnenphobie habe?<\/summary>\n\n<p>Bei einer Spinnenphobie kann eine professionelle Therapie helfen. Oft wird eine Konfrontationstherapie angewendet, bei der Betroffene schrittweise an Spinnen gew\u00f6hnt werden.<\/p>\n\n<\/details>\n\n\n\n<details class=\"wp-block-details is-layout-flow wp-block-details-is-layout-flow\"><summary>Wie lange dauert eine Therapie gegen Spinnenphobie?<\/summary>\n\n<p>Die Dauer einer Therapie h\u00e4ngt von der individuellen Situation ab und kann einige Wochen bis mehrere Monate in Anspruch nehmen.<\/p>\n\n<\/details>\n\n\n\n<details class=\"wp-block-details is-layout-flow wp-block-details-is-layout-flow\"><summary>Wie kann ich Spinnen aus meinem Haus fernhalten?<\/summary>\n\n<p>Um Spinnen fernzuhalten, sollten Sie daf\u00fcr sorgen, dass Ihr Haus sauber und aufger\u00e4umt ist. Spinnen m\u00f6gen dunkle, ungest\u00f6rte Orte, daher k\u00f6nnen Sie durch regelm\u00e4\u00dfiges Saugen und Entr\u00fcmpeln Spinnen fernhalten.<\/p>\n\n<\/details>\n\n\n\n<details class=\"wp-block-details is-layout-flow wp-block-details-is-layout-flow\"><summary>Sind Spinnen gesundheitsgef\u00e4hrdend?<\/summary>\n\n<p>Die meisten in Deutschland heimischen Spinnen sind f\u00fcr Menschen ungef\u00e4hrlich. Einige Arten k\u00f6nnen zwar bei\u00dfen, dies ist jedoch selten und die Folgen sind meist harmlos.<\/p>\n\n<\/details>\n\n\n\n<details class=\"wp-block-details is-layout-flow wp-block-details-is-layout-flow\"><summary>Darf ich Spinnen t\u00f6ten?<\/summary>\n\n<p>In Deutschland ist es grunds\u00e4tzlich erlaubt, Spinnen zu t\u00f6ten. Allerdings sind einige Arten gesch\u00fctzt und d\u00fcrfen nicht get\u00f6tet werden. Grunds\u00e4tzlich ist es empfehlenswert, Spinnen eher nach drau\u00dfen zu bef\u00f6rdern, anstatt sie zu t\u00f6ten.<\/p>\n\n<\/details>\n\n\n","protected":false},"excerpt":{"rendered":"<p>Spinnen sind eine weit verbreitete Tiergruppe, die vielen Menschen Unbehagen bereitet. Trotzdem spielen sie eine wichtige Rolle in unserem \u00d6kosystem. Hier finden Sie Antworten auf h\u00e4ufig gestellte Fragen zu Spinnen. H\u00e4ufige Fragen<\/p>\n","protected":false},"author":1,"featured_media":0,"parent":0,"menu_order":0,"comment_status":"closed","ping_status":"closed","template":"","meta":{"footnotes":""},"class_list":["post-32","page","type-page","status-publish","hentry"],"_links":{"self":[{"href":"https:\/\/spinnenbekaempfen.de\/index.php\/wp-json\/wp\/v2\/pages\/32","targetHints":{"allow":["GET"]}}],"collection":[{"href":"https:\/\/spinnenbekaempfen.de\/index.php\/wp-json\/wp\/v2\/pages"}],"about":[{"href":"https:\/\/spinnenbekaempfen.de\/index.php\/wp-json\/wp\/v2\/types\/page"}],"author":[{"embeddable":true,"href":"https:\/\/spinnenbekaempfen.de\/index.php\/wp-json\/wp\/v2\/users\/1"}],"replies":[{"embeddable":true,"href":"https:\/\/spinnenbekaempfen.de\/index.php\/wp-json\/wp\/v2\/comments?post=32"}],"version-history":[{"count":1,"href":"https:\/\/spinnenbekaempfen.de\/index.php\/wp-json\/wp\/v2\/pages\/32\/revisions"}],"predecessor-version":[{"id":51,"href":"https:\/\/spinnenbekaempfen.de\/index.php\/wp-json\/wp\/v2\/pages\/32\/revisions\/51"}],"wp:attachment":[{"href":"https:\/\/spinnenbekaempfen.de\/index.php\/wp-json\/wp\/v2\/media?parent=32"}],"curies":[{"name":"wp","href":"https:\/\/api.w.org\/{rel}","templated":true}]}}